 the highest common factor of 82 and 861.
41
Calculate the greatest common divisor of 182 and 14.
14
What is the greatest common factor of 34 and 1904?
34
What is the greatest common factor of 11 and 319?
11
What is the highest common divisor of 4147 and 286?
143
What is the highest common factor of 217 and 21?
7
What is the greatest common divisor of 35 and 25?
5
What is the highest common divisor of 32 and 248?
8
Calculate the greatest common divisor of 5 and 13445.
5
What is the highest common factor of 36 and 882?
18
Calculate the greatest common divisor of 73 and 73.
73
Calculate the greatest common factor of 36 and 225.
9
Calculate the highest common factor of 42 and 1344.
42
What is the greatest common factor of 26 and 8?
2
Calculate the highest common divisor of 378 and 14.
14
Calculate the greatest common divisor of 1248 and 96.
96
What is the highest common divisor of 64 and 288?
32
Calculate the highest common factor of 69 and 9.
3
What is the highest common divisor of 24 and 1752?
24
Calculate the greatest common divisor of 644 and 112.
28
What is the greatest common factor of 25 and 9725?
25
Calculate the highest common divisor of 33 and 891.
33
Calculate the highest common factor of 144 and 4824.
72
What is the greatest common factor of 808 and 101?
101
What is the highest common divisor of 8 and 472?
8
What is the greatest common divisor of 90 and 10?
10
Calculate the highest common divisor of 459 and 27.
27
Calculate the greatest common divisor of 72 and 63.
9
Calculate the highest common factor of 242 and 44.
22
What is the highest common factor of 7107 and 69?
69
Calculate the highest common divisor of 12 and 84.
12
What is the greatest common divisor of 81 and 891?
81
Calculate the greatest common factor of 329 and 49.
7
Calculate the greatest common divisor of 242 and 8162.
22
Calculate the greatest common factor of 6078 and 6.
6
Calculate the greatest common factor of 480 and 440.
40
What is the highest common factor of 84 and 462?
42
What is the greatest common factor of 200 and 1352?
8
What is the greatest common factor of 78 and 8346?
78
What is the greatest common divisor of 119 and 14?
7
Calculate the greatest common divisor of 70 and 110.
10
Calculate the highest common divisor of 672 and 126.
42
Calculate the greatest common divisor of 99 and 8943.
33
What is the highest common divisor of 20111 and 26?
13
Calculate the greatest common divisor of 98 and 378.
14
What is the highest common factor of 19397 and 17?
17
Calculate the greatest common factor of 266 and 28.
14
Calculate the greatest common factor of 759 and 132.
33
What is the highest common factor of 166 and 22?
2
What is the highest common divisor of 427 and 63?
7
What is the greatest common factor of 14 and 5222?
14
Calculate the greatest common factor of 1195 and 10.
5
Calculate the highest common factor of 42 and 12.
6
What is the highest common divisor of 35 and 1085?
35
Calculate the highest common divisor of 7263 and 27.
27
Calculate the greatest common divisor of 204 and 54.
6
What is the highest common divisor of 840 and 48?
24
What is the greatest common factor of 5643 and 19?
19
What is the highest common divisor of 496 and 112?
16
What is the highest common divisor of 2048 and 32?
32
What is the greatest common divisor of 4118 and 58?
58
What is the greatest common divisor of 3030 and 40?
10
Calculate the highest common divisor of 18868 and 424.
212
What is the highest common divisor of 13 and 676?
13
Calculate the highest common divisor of 592 and 1258.
74
What is the greatest common factor of 42 and 602?
14
Calculate the greatest common factor of 153 and 3825.
153
Calculate the greatest common divisor of 243 and 9.
9
What is the highest common factor of 5668 and 6976?
436
Calculate the greatest common factor of 689 and 91.
13
Calculate the greatest common divisor of 11571 and 696.
87
Calculate the greatest common factor of 24 and 256.
8
What is the highest common factor of 395 and 632?
79
Calculate the greatest common divisor of 368 and 322.
46
What is the greatest common factor of 138 and 1794?
138
What is the highest common divisor of 2046 and 4464?
186
What is the greatest common divisor of 204 and 24?
12
What is the highest common divisor of 36 and 18?
18
What is the greatest common factor of 187 and 272?
17
What is the greatest common divisor of 27508 and 299?
299
Calculate the greatest common divisor of 32742 and 6.
6
Calculate the highest common divisor of 178 and 1.
1
Calculate the highest common factor of 315 and 180.
45
What is the greatest common divisor of 1704 and 72?
24
Calculate the greatest common divisor of 46 and 161.
23
What is the highest common divisor of 462 and 12?
6
Calculate the highest common factor of 18 and 27009.
9
Calculate the highest common factor of 3034 and 296.
74
Calculate the greatest common factor of 72096 and 48.
48
What is the greatest common divisor of 2637 and 9?
9
Calculate the greatest common factor of 148 and 962.
74
Calculate the highest common divisor of 4 and 17.
1
Calculate the highest common factor of 3131 and 217.
31
What is the greatest common divisor of 16 and 8?
8
Calculate the greatest common divisor of 6 and 99.
3
What is the highest common divisor of 825 and 495?
165
Calculate the greatest common divisor of 30 and 480.
30
What is the greatest common factor of 216 and 10476?
108
Calculate the greatest common divisor of 460 and 4.
4
What is the highest common factor of 51 and 18?
3
Calculate the greatest common factor of 63 and 5229.
63
What is the greatest common factor of 980 and 4165?
245
What is the greatest common divisor of 488 and 610?
122
What is the greatest common divisor of 2929 and 101?
101
Calculate the highest common divisor of 992 and 32.
32
Calculate the highest common factor of 38 and 4066.
38
Calculate the highest common divisor of 24 and 4812.
12
What is the greatest common factor of 80 and 8960?
80
What is the greatest common divisor of 96 and 150?
6
What is the highest common divisor of 7 and 7385?
7
Calculate the highest common divisor of 88 and 143.
11
What is the greatest common divisor of 88 and 16?
8
What is the greatest common factor of 635 and 15?
5
What is the greatest common divisor of 1168 and 73?
73
What is the highest common factor of 516 and 43?
43
Calculate the highest common divisor of 75 and 45.
15
Calculate the highest common factor of 756 and 28.
28
What is the greatest common divisor of 7 and 175?
7
What is the greatest common factor of 3 and 87?
3
Calculate the greatest common factor of 11 and 11.
11
What is the highest common factor of 578 and 544?
34
Calculate the greatest common factor of 3 and 147.
3
Calculate the greatest common factor of 216 and 1656.
72
What is the greatest common divisor of 1468 and 28?
4
Calculate the highest common divisor of 1309 and 34.
17
What is the highest common divisor of 124 and 279?
31
What is the greatest common factor of 9 and 11898?
9
Calculate the greatest common factor of 312 and 21008.
104
What is the greatest common factor of 470 and 20?
10
What is the greatest common factor of 703 and 74?
37
What is the greatest common divisor of 17 and 612?
17
Calculate the highest common divisor of 269 and 40081.
269
Calculate the highest common factor of 175 and 7.
7
What is the greatest common factor of 13671 and 294?
147
Calculate the highest common divisor of 75878 and 22.
22
What is the highest common divisor of 44 and 8668?
44
What is the greatest common factor of 60 and 20?
20
Calculate the greatest common factor of 529 and 552.
23
What is the greatest common factor of 670 and 10?
10
Calculate the greatest common divisor of 51 and 6477.
51
Calculate the greatest common factor of 154 and 3311.
77
Calculate the highest common factor of 246 and 132.
6
What is the greatest common factor of 27 and 15?
3
What is the greatest common factor of 371 and 7?
7
What is the greatest common divisor of 55 and 35?
5
What is the highest common factor of 104 and 9932?
52
Calculate the greatest common divisor of 21 and 518.
7
Calculate the greatest common factor of 63 and 147.
21
What is the highest common factor of 84 and 552?
12
Calculate the highest common divisor of 2544 and 32.
16
What is the highest common divisor of 17 and